and 9018?
334
What is the highest common divisor of 2700 and 648?
108
Calculate the highest common divisor of 9 and 2061.
9
What is the highest common divisor of 10 and 125?
5
What is the highest common factor of 108 and 8?
4
Calculate the highest common factor of 247 and 65.
13
Calculate the highest common divisor of 36 and 2748.
12
Calculate the highest common factor of 970 and 29488.
194
Calculate the highest common factor of 7552 and 354.
118
What is the highest common divisor of 43 and 8?
1
Calculate the greatest common factor of 88 and 92.
4
What is the greatest common factor of 39 and 26?
13
What is the greatest common divisor of 893 and 188?
47
Calculate the highest common divisor of 297 and 396.
99
What is the greatest common factor of 7 and 175?
7
Calculate the greatest common factor of 72 and 558.
18
What is the greatest common divisor of 129 and 9?
3
What is the greatest common factor of 13565 and 5?
5
What is the greatest common factor of 1222 and 376?
94
Calculate the greatest common factor of 555 and 333.
111
Calculate the highest common divisor of 34 and 374.
34
What is the highest common factor of 68 and 2329?
17
Calculate the greatest common factor of 315 and 279.
9
Calculate the highest common factor of 495 and 135.
45
What is the greatest common factor of 19 and 3439?
19
What is the greatest common divisor of 10307 and 11?
11
Calculate the greatest common factor of 325 and 175.
25
What is the highest common divisor of 560 and 1505?
35
What is the highest common factor of 2 and 27?
1
What is the highest common divisor of 156 and 741?
39
What is the greatest common factor of 9 and 189?
9
What is the highest common factor of 82 and 2911?
41
What is the greatest common factor of 3496 and 16?
8
What is the greatest common factor of 37468 and 272?
68
What is the highest common factor of 13 and 143?
13
Calculate the greatest common factor of 26 and 962.
26
What is the highest common factor of 198 and 286?
22
Calculate the highest common factor of 2 and 46.
2
Calculate the highest common divisor of 7598 and 406.
58
What is the greatest common factor of 21 and 3759?
21
What is the highest common divisor of 738 and 243?
9
What is the greatest common factor of 2622 and 23?
23
Calculate the greatest common divisor of 4592 and 451.
41
Calculate the greatest common divisor of 60 and 135.
15
What is the highest common factor of 64 and 2512?
16
What is the highest common factor of 1752 and 72?
24
What is the highest common divisor of 125 and 25?
25
What is the highest common factor of 84 and 105?
21
Calculate the greatest common divisor of 8 and 968.
8
What is the greatest common factor of 2375 and 375?
125
Calculate the greatest common factor of 2996 and 32.
4
Calculate the greatest common divisor of 531 and 27.
9
What is the highest common divisor of 56797 and 221?
221
What is the greatest common divisor of 225 and 175?
25
Calculate the greatest common divisor of 793 and 312.
13
What is the highest common factor of 810 and 567?
81
Calculate the greatest common factor of 275 and 11.
11
Calculate the greatest common factor of 171 and 38.
19
Calculate the greatest common factor of 420 and 147.
21
What is the highest common factor of 108 and 27?
27
Calculate the greatest common divisor of 10 and 560.
10
What is the greatest common divisor of 15 and 35?
5
Calculate the greatest common factor of 14 and 154.
14
Calculate the highest common factor of 8 and 256.
8
Calculate the highest common factor of 32 and 1744.
16
What is the highest common factor of 532 and 399?
133
What is the highest common divisor of 90 and 792?
18
What is the highest common divisor of 12 and 1452?
12
Calculate the highest common divisor of 114 and 399.
57
What is the greatest common divisor of 52 and 65?
13
What is the highest common factor of 648 and 8?
8
Calculate the highest common divisor of 7 and 3.
1
Calculate the highest common factor of 5 and 5.
5
Calculate the highest common divisor of 69 and 92.
23
What is the highest common divisor of 10 and 1390?
10
What is the highest common factor of 56 and 512?
8
Calculate the greatest common divisor of 4970 and 1136.
142
Calculate the greatest common factor of 1897 and 21.
7
Calculate the highest common factor of 28 and 26.
2
Calculate the greatest common factor of 1995 and 95.
95
What is the greatest common divisor of 65 and 13?
13
Calculate the greatest common divisor of 55 and 25.
5
What is the highest common divisor of 703 and 57?
19
What is the highest common factor of 143 and 221?
13
Calculate the highest common divisor of 135 and 165.
15
Calculate the highest common factor of 5824 and 7616.
448
What is the highest common divisor of 1176 and 154?
14
Calculate the highest common divisor of 110 and 990.
110
What is the highest common divisor of 1292 and 76?
76
Calculate the highest common factor of 130 and 40.
10
Calculate the highest common factor of 164 and 164.
164
Calculate the greatest common factor of 108 and 2484.
108
Calculate the highest common factor of 132 and 156.
12
What is the highest common divisor of 19 and 1368?
19
Calculate the greatest common factor of 360 and 50.
10
What is the greatest common divisor of 2 and 2052?
2
Calculate the highest common divisor of 176 and 6512.
176
What is the greatest common divisor of 30 and 528?
6
Calculate the highest common factor of 29 and 1.
1
What is the highest common factor of 130 and 1495?
65
What is the highest common factor of 17 and 629?
17
What is the highest common factor of 3556 and 28?
28
Calculate the highest common factor of 4503 and 285.
57
Calculate the highest common factor of 1253 and 5907.
179
Calculate the greatest common divisor of 23 and 1863.
23
Calculate the highest common factor of 136 and 104.
8
What is the highest common factor of 26 and 26?
26
What is the greatest common divisor of 40 and 160?
40
What is the greatest common factor of 42 and 1946?
14
What is the highest common factor of 8 and 38936?
8
What is the greatest common divisor of 276 and 162?
6
Calculate the greatest common factor of 2102 and 2.
2
Calculate the highest common divisor of 324 and 21.
3
What is the greatest common divisor of 776 and 2?
2
What is the greatest common divisor of 80 and 5?
5
Calculate the greatest common factor of 1444 and 4.
4
What is the greatest common factor of 14960 and 16?
16
What is the highest common divisor of 2329 and 34?
17
What is the highest common divisor of 20 and 53660?
20
Calculate the greatest common divisor of 10 and 230.
10
What is the greatest common factor of 13 and 37674?
13
Calculate the greatest common divisor of 91 and 143.
13
What is the greatest common factor of 165 and 935?
55
What is the highest common divisor of 76 and 52?
4
What is the highest common factor of 738 and 72?
18
What is the greatest common divisor of 18 and 1818?
18
What is the highest common divisor of 605 and 11?
11
What is the greatest common factor of 3904 and 12?
4
Calculate the greatest common factor of 616 and 385.
77
Calculate the highest common factor of 6 and 14394.
6
What is the highest common factor of 122 and 2?
2
What is the highest common factor of 6 and 51?
3
What is the highest common divisor of 1295 and 140?
35
What is the highest common factor of 6928 and 32?
16
Calculate the highest common factor of 134 and 16.
2
What is the highest common divisor of 35 and 3500?
35
What is the greatest common divisor of 18 and 549?
9
What is the greatest common factor of 525 and 49?
7
Calculate the highest common divisor of 15 and 1.
1
Calculate the greatest common factor of 66 and 2871.
33
Calculate the highest common factor of 7 and 574.
7
Calculate the highest common factor of 32 and 224.
32
What is the highest common factor of 1924 and 52?
52
What is the highest common divisor of 1280 and 64?
64
What is the greatest common divisor of 3393 and 203?
29
What is the highest common factor of 69 and 4301?
23
What is the highest common divisor of 71269 and 209?
209
Calculate the greatest common divisor of 359 and 2.
1
What is the greatest common factor of 493 and 261?
29
Calculate the greatest common divisor of 1470 and 5.
5
Calculate the greatest common divisor of 42 and 3.
3
What is the highest common factor of 1067 and 11?
11
What is the highest comm